{"id":13433,"date":"2024-02-27T17:42:11","date_gmt":"2024-02-27T16:42:11","guid":{"rendered":"https:\/\/sunelements.de\/shop\/energia-del-giardino-estivo\/"},"modified":"2026-04-21T08:48:09","modified_gmt":"2026-04-21T06:48:09","slug":"energia-del-giardino-estivo","status":"publish","type":"product","link":"https:\/\/sunelements.de\/it\/shop\/energia-del-giardino-estivo\/","title":{"rendered":"Giardino estivo fotovoltaico SunCasa <b>Energy<\/b>"},"content":{"rendered":"<p>&nbsp;<\/p>\n<div class=\"elementor-widget-container\"><img decoding=\"async\" class=\"alignright\" title=\"SunElements-at-SunGarden-Power-Serra-parete-di-vetro-acrilico-e-tetto-con-modulo-fotovoltaico\" src=\"https:\/\/sunelements.de\/wp-content\/uploads\/2023\/11\/SunElements-at-SunGarden-Gewaechshaeuser-frei-konfigurieren-Wand-oder-Dach-Option-Photovoltaik-275wp.jpg\" alt=\"SunElements-at-SunGarden-Power-Serra-parete-di-vetro-acrilico-e-tetto-con-modulo-fotovoltaico\"> <strong><img decoding=\"async\" class=\"size-full wp-image-8569\" src=\"https:\/\/sunelements.de\/wp-content\/uploads\/2023\/11\/SunElements-at-Logo-Icon-orange.png\" alt=\"SunElements-at-Logo-Icon-orange\" width=\"40\" height=\"34\"> Casetta da giardino di design SunCasa Energy: produzione di energia sostenibile e relax<br \/>\n<\/strong>La SunCasa Energy \u00e8 molto pi\u00f9 di una moderna casetta da giardino: unisce la funzionalit\u00e0 alla tutela dell&#8217;ambiente grazie ai moduli fotovoltaici integrati. Questo modello \u00e8 ideale per i clienti che desiderano creare un rifugio sostenibile ed efficiente dal punto di vista energetico nel proprio giardino. <\/div>\n<p>&nbsp;<\/p>\n<p> <strong><img decoding=\"async\" class=\"size-full wp-image-8569\" src=\"https:\/\/sunelements.de\/wp-content\/uploads\/2023\/11\/SunElements-at-Logo-Icon-orange.png\" alt=\"SunElements-at-Logo-Icon-orange\" width=\"40\" height=\"34\"> Moduli fotovoltaici per una produzione di energia sostenibile<br \/>\n<\/strong>Il tetto della SunCasa Energy \u00e8 dotato di moduli fotovoltaici che generano 275 watt di elettricit\u00e0 per modulo. Questi moduli non sono solo una fonte di energia sostenibile, ma garantiscono anche una luminosit\u00e0 interna e un&#8217;ombreggiatura naturale con circa il 40% di trasparenza. <\/p>\n<table style=\"width: 35.8731%; border-collapse: collapse; height: 505px;\" cellspacing=\"0\" cellpadding=\"0\">\n<tbody>\n<tr style=\"background-color: #ff8400;\">\n<td style=\"width: 29.6774%; height: 97px; text-align: center;\"><strong>Dimensioni della casa<\/strong><\/td>\n<td style=\"width: 35.2688%; height: 97px; text-align: center;\"><strong>Numero di moduli fotovoltaici sul tetto<\/strong><\/td>\n<td style=\"width: 26.5745%; height: 97px; text-align: center;\"><strong>Produzione totale<br \/>\n<\/strong><\/td>\n<\/tr>\n<tr style=\"height: 27px;\">\n<td style=\"width: 29.6774%; height: 27px; text-align: center;\">2.1<\/td>\n<td style=\"width: 35.2688%; height: 27px; text-align: center;\">1<\/td>\n<td style=\"width: 26.5745%; height: 27px; text-align: center;\">0,275 kw\/h<\/td>\n<\/tr>\n<tr style=\"height: 53px;\">\n<td style=\"width: 29.6774%; height: 53px; text-align: center;\">2.2<\/td>\n<td style=\"width: 35.2688%; height: 53px; text-align: center;\">2<\/td>\n<td style=\"width: 26.5745%; height: 53px; text-align: center;\">0,55 kw\/h<\/td>\n<\/tr>\n<tr style=\"height: 53px;\">\n<td style=\"width: 29.6774%; height: 53px; text-align: center;\">3.2<\/td>\n<td style=\"width: 35.2688%; height: 53px; text-align: center;\">3<\/td>\n<td style=\"width: 26.5745%; height: 53px; text-align: center;\">0,825 kw\/h<\/td>\n<\/tr>\n<tr style=\"height: 53px;\">\n<td style=\"width: 29.6774%; height: 53px; text-align: center;\">4.1<\/td>\n<td style=\"width: 35.2688%; height: 53px; text-align: center;\">2<\/td>\n<td style=\"width: 26.5745%; height: 53px; text-align: center;\">0,55 kw\/h<\/td>\n<\/tr>\n<tr style=\"height: 53px;\">\n<td style=\"width: 29.6774%; height: 53px; text-align: center;\">4.2<\/td>\n<td style=\"width: 35.2688%; height: 53px; text-align: center;\">4<\/td>\n<td style=\"width: 26.5745%; height: 53px; text-align: center;\">1,1 kw\/h<\/td>\n<\/tr>\n<tr style=\"height: 53px;\">\n<td style=\"width: 29.6774%; height: 53px; text-align: center;\">4.3<\/td>\n<td style=\"width: 35.2688%; height: 53px; text-align: center;\">6<\/td>\n<td style=\"width: 26.5745%; height: 53px; text-align: center;\">1,65 kw\/h<\/td>\n<\/tr>\n<tr style=\"height: 53px;\">\n<td style=\"width: 29.6774%; height: 53px; text-align: center;\">4.4<\/td>\n<td style=\"width: 35.2688%; height: 53px; text-align: center;\">8<\/td>\n<td style=\"width: 26.5745%; height: 53px; text-align: center;\">2,2 kw\/h<\/td>\n<\/tr>\n<tr style=\"height: 53px;\">\n<td style=\"width: 29.6774%; height: 53px; text-align: center;\">5.2<\/td>\n<td style=\"width: 35.2688%; height: 53px; text-align: center;\">5<\/td>\n<td style=\"width: 26.5745%; height: 53px; text-align: center;\">1.375 kw\/h<\/td>\n<\/tr>\n<tr style=\"height: 10px;\">\n<td style=\"width: 29.6774%; height: 10px; text-align: center;\">5.4<\/td>\n<td style=\"width: 35.2688%; height: 10px; text-align: center;\">10<\/td>\n<td style=\"width: 26.5745%; height: 10px; text-align: center;\">2,75 kw\/h<\/td>\n<\/tr>\n<\/tbody>\n<\/table>\n<p>&nbsp;<\/p>\n<p> <strong><img decoding=\"async\" class=\"size-full wp-image-8569\" src=\"https:\/\/sunelements.de\/wp-content\/uploads\/2023\/11\/SunElements-at-Logo-Icon-orange.png\" alt=\"SunElements-at-Logo-Icon-orange\" width=\"40\" height=\"34\"> Luogo ideale per rilassarsi<br \/>\n<\/strong>Grazie alla combinazione di vetro acrilico trasparente e moduli fotovoltaici, la SunCasa Energy offre un piacevole equilibrio tra trasmissione della luce e ombra. La stanza \u00e8 ideale per ritirarsi, rilassarsi o come luogo di ispirazione. <\/p>\n<p>&nbsp;<\/p>\n<p> <strong><img decoding=\"async\" class=\"size-full wp-image-8569\" src=\"https:\/\/sunelements.de\/wp-content\/uploads\/2023\/11\/SunElements-at-Logo-Icon-orange.png\" alt=\"SunElements-at-Logo-Icon-orange\" width=\"40\" height=\"34\"> Opzioni di fondazione flessibili e accessori<br \/>\n<\/strong>Se desideri utilizzare la nostra SunCasa come giardino estivo, serra fredda o salotto da giardino, ti consigliamo di realizzare una fondazione in lastre di cemento. Questa deve essere dotata di un&#8217;adeguata impermeabilizzazione per evitare la risalita dell&#8217;umidit\u00e0 del terreno e la formazione di condensa. <strong><br \/>\n<\/strong>Oltre alle strutture di base di alta qualit\u00e0, puoi dotare il tuo SunGarden di un&#8217;ampia gamma di accessori, tra cui <strong>rivestimenti interni<\/strong>, <strong>porte aggiuntive<\/strong>, <strong>finestre<\/strong>, <strong>tende plissettate a parete e a soffitto<\/strong> e <strong>sistemi di drenaggio<\/strong>. In questo modo potrai creare il tuo giardino paradisiaco su misura per le tue esigenze. <\/p>\n<p>&nbsp;<\/p>\n<div class=\"elementor-widget-container\">\n<p><strong><img decoding=\"async\" class=\"size-full wp-image-8569\" src=\"https:\/\/sunelements.de\/wp-content\/uploads\/2023\/11\/SunElements-at-Logo-Icon-orange.png\" alt=\"SunElements-at-Logo-Icon-orange\" width=\"40\" height=\"34\"> Scegli tra 9 dimensioni da 3 m\u00b2 a 24 m\u00b2.<br \/>\n<\/strong><span style=\"font-style: inherit; font-weight: inherit; background-color: var(--ast-global-color-5); color: var(--ast-global-color-2);\">La porta (900 x 1970 mm) pu\u00f2 essere installata su entrambi i lati, tra 2 montanti.  <\/span><span style=\"font-style: inherit; font-weight: inherit; background-color: var(--ast-global-color-5); color: var(--ast-global-color-2);\">La cerniera della porta pu\u00f2 essere scelta liberamente a destra o a sinistra durante il montaggio.<br \/>\n<\/span><span style=\"font-style: inherit; font-weight: inherit; background-color: var(--ast-global-color-5); color: var(--ast-global-color-2);\">La linea blu chiaro simboleggia la grondaia. Il drenaggio dell&#8217;acqua \u00e8 possibile su entrambe le estremit\u00e0.<\/span><\/p>\n<\/div>\n<div class=\"elementor-element elementor-element-e4faa6b elementor-widget elementor-widget-image\" data-id=\"e4faa6b\" data-element_type=\"widget\" data-widget_type=\"image.default\">\n<div class=\"elementor-widget-container\"><img fetchpriority=\"high\" decoding=\"async\" class=\"attachment-full wp-image-8639 aligncenter\" src=\"https:\/\/sunelements.de\/wp-content\/uploads\/2023\/11\/SunElements-at-SunGarden-Gewaechshaus-Groessen-frei-waehlen.jpg\" sizes=\"(max-width: 1200px) 100vw, 1200px\" srcset=\"https:\/\/sunelements.de\/wp-content\/uploads\/2023\/11\/SunElements-at-SunGarden-Gewaechshaus-Groessen-frei-waehlen.jpg 1200w, https:\/\/sunelements.de\/wp-content\/uploads\/2023\/11\/SunElements-at-SunGarden-Gewaechshaus-Groessen-frei-waehlen-300x146.jpg 300w, https:\/\/sunelements.de\/wp-content\/uploads\/2023\/11\/SunElements-at-SunGarden-Gewaechshaus-Groessen-frei-waehlen-1024x500.jpg 1024w, https:\/\/sunelements.de\/wp-content\/uploads\/2023\/11\/SunElements-at-SunGarden-Gewaechshaus-Groessen-frei-waehlen-768x375.jpg 768w, https:\/\/sunelements.de\/wp-content\/uploads\/2023\/11\/SunElements-at-SunGarden-Gewaechshaus-Groessen-frei-waehlen-600x293.jpg 600w\" alt=\"SunElements-al-Sole-Giardino-Serra-Dimensioni-senza-scelta\" width=\"854\" height=\"407\"><\/div>\n<\/div>\n<p>&nbsp;<\/p>\n","protected":false},"excerpt":{"rendered":"<p>Giardino estivo con <strong>moduli fotovoltaici<\/strong> semi-trasparenti <strong>da 275 Wp e vetro acrilico trasparente<\/strong><\/p>\n","protected":false},"featured_media":14218,"template":"","meta":{"site-sidebar-layout":"default","site-content-layout":"default","ast-site-content-layout":"default","site-content-style":"default","site-sidebar-style":"default","ast-global-header-display":"","ast-banner-title-visibility":"","ast-main-header-display":"","ast-hfb-above-header-display":"","ast-hfb-below-header-display":"","ast-hfb-mobile-header-display":"","site-post-title":"","ast-breadcrumbs-content":"","ast-featured-img":"","footer-sml-layout":"","ast-disable-related-posts":"","theme-transparent-header-meta":"default","adv-header-id-meta":"","stick-header-meta":"default","header-above-stick-meta":"","header-main-stick-meta":"","header-below-stick-meta":"","astra-migrate-meta-layouts":"default","ast-page-background-enabled":"default","ast-page-background-meta":{"desktop":{"background-color":"var(--ast-global-color-4)","background-image":"","background-repeat":"repeat","background-position":"center center","background-size":"auto","background-attachment":"scroll","background-type":"","background-media":"","overlay-type":"","overlay-color":"","overlay-opacity":"","overlay-gradient":""},"tablet":{"background-color":"","background-image":"","background-repeat":"repeat","background-position":"center center","background-size":"auto","background-attachment":"scroll","background-type":"","background-media":"","overlay-type":"","overlay-color":"","overlay-opacity":"","overlay-gradient":""},"mobile":{"background-color":"","background-image":"","background-repeat":"repeat","background-position":"center center","background-size":"auto","background-attachment":"scroll","background-type":"","background-media":"","overlay-type":"","overlay-color":"","overlay-opacity":"","overlay-gradient":""}},"ast-content-background-meta":{"desktop":{"background-color":"var(--ast-global-color-5)","background-image":"","background-repeat":"repeat","background-position":"center center","background-size":"auto","background-attachment":"scroll","background-type":"","background-media":"","overlay-type":"","overlay-color":"","overlay-opacity":"","overlay-gradient":""},"tablet":{"background-color":"var(--ast-global-color-5)","background-image":"","background-repeat":"repeat","background-position":"center center","background-size":"auto","background-attachment":"scroll","background-type":"","background-media":"","overlay-type":"","overlay-color":"","overlay-opacity":"","overlay-gradient":""},"mobile":{"background-color":"var(--ast-global-color-5)","background-image":"","background-repeat":"repeat","background-position":"center center","background-size":"auto","background-attachment":"scroll","background-type":"","background-media":"","overlay-type":"","overlay-color":"","overlay-opacity":"","overlay-gradient":""}},"_themeisle_gutenberg_block_has_review":false},"product_brand":[],"product_cat":[90],"product_tag":[],"class_list":{"0":"post-13433","1":"product","2":"type-product","3":"status-publish","4":"has-post-thumbnail","6":"product_cat-giardino-estivo-sungarden","7":"desktop-align-center","8":"tablet-align-left","9":"mobile-align-left","10":"ast-product-gallery-layout-horizontal-slider","11":"ast-product-tabs-layout-accordion","12":"tm-has-options","14":"first","15":"instock","16":"taxable","17":"shipping-taxable","18":"purchasable","19":"product-type-simple"},"_links":{"self":[{"href":"https:\/\/sunelements.de\/it\/wp-json\/wp\/v2\/product\/13433","targetHints":{"allow":["GET"]}}],"collection":[{"href":"https:\/\/sunelements.de\/it\/wp-json\/wp\/v2\/product"}],"about":[{"href":"https:\/\/sunelements.de\/it\/wp-json\/wp\/v2\/types\/product"}],"wp:featuredmedia":[{"embeddable":true,"href":"https:\/\/sunelements.de\/it\/wp-json\/wp\/v2\/media\/14218"}],"wp:attachment":[{"href":"https:\/\/sunelements.de\/it\/wp-json\/wp\/v2\/media?parent=13433"}],"wp:term":[{"taxonomy":"product_brand","embeddable":true,"href":"https:\/\/sunelements.de\/it\/wp-json\/wp\/v2\/product_brand?post=13433"},{"taxonomy":"product_cat","embeddable":true,"href":"https:\/\/sunelements.de\/it\/wp-json\/wp\/v2\/product_cat?post=13433"},{"taxonomy":"product_tag","embeddable":true,"href":"https:\/\/sunelements.de\/it\/wp-json\/wp\/v2\/product_tag?post=13433"}],"curies":[{"name":"wp","href":"https:\/\/api.w.org\/{rel}","templated":true}]}}

<p>&nbsp;</p>
<div class="elementor-widget-container"><img decoding="async" class="alignright" title="SunElements-at-SunGarden-Power-Serra-parete-di-vetro-acrilico-e-tetto-con-modulo-fotovoltaico" src="https://sunelements.de/wp-content/uploads/2023/11/SunElements-at-SunGarden-Gewaechshaeuser-frei-konfigurieren-Wand-oder-Dach-Option-Photovoltaik-275wp.jpg" alt="SunElements-at-SunGarden-Power-Serra-parete-di-vetro-acrilico-e-tetto-con-modulo-fotovoltaico"> <strong><img decoding="async" class="size-full wp-image-8569" src="https://sunelements.de/wp-content/uploads/2023/11/SunElements-at-Logo-Icon-orange.png" alt="SunElements-at-Logo-Icon-orange" width="40" height="34"> Casetta da giardino di design SunCasa Energy: produzione di energia sostenibile e relax<br />
</strong>La SunCasa Energy è molto più di una moderna casetta da giardino: unisce la funzionalità alla tutela dell&#8217;ambiente grazie ai moduli fotovoltaici integrati. Questo modello è ideale per i clienti che desiderano creare un rifugio sostenibile ed efficiente dal punto di vista energetico nel proprio giardino. </div>
<p>&nbsp;</p>
<p> <strong><img decoding="async" class="size-full wp-image-8569" src="https://sunelements.de/wp-content/uploads/2023/11/SunElements-at-Logo-Icon-orange.png" alt="SunElements-at-Logo-Icon-orange" width="40" height="34"> Moduli fotovoltaici per una produzione di energia sostenibile<br />
</strong>Il tetto della SunCasa Energy è dotato di moduli fotovoltaici che generano 275 watt di elettricità per modulo. Questi moduli non sono solo una fonte di energia sostenibile, ma garantiscono anche una luminosità interna e un&#8217;ombreggiatura naturale con circa il 40% di trasparenza. </p>
<table style="width: 35.8731%; border-collapse: collapse; height: 505px;" cellspacing="0" cellpadding="0">
<tbody>
<tr style="background-color: #ff8400;">
<td style="width: 29.6774%; height: 97px; text-align: center;"><strong>Dimensioni della casa</strong></td>
<td style="width: 35.2688%; height: 97px; text-align: center;"><strong>Numero di moduli fotovoltaici sul tetto</strong></td>
<td style="width: 26.5745%; height: 97px; text-align: center;"><strong>Produzione totale<br />
</strong></td>
</tr>
<tr style="height: 27px;">
<td style="width: 29.6774%; height: 27px; text-align: center;">2.1</td>
<td style="width: 35.2688%; height: 27px; text-align: center;">1</td>
<td style="width: 26.5745%; height: 27px; text-align: center;">0,275 kw/h</td>
</tr>
<tr style="height: 53px;">
<td style="width: 29.6774%; height: 53px; text-align: center;">2.2</td>
<td style="width: 35.2688%; height: 53px; text-align: center;">2</td>
<td style="width: 26.5745%; height: 53px; text-align: center;">0,55 kw/h</td>
</tr>
<tr style="height: 53px;">
<td style="width: 29.6774%; height: 53px; text-align: center;">3.2</td>
<td style="width: 35.2688%; height: 53px; text-align: center;">3</td>
<td style="width: 26.5745%; height: 53px; text-align: center;">0,825 kw/h</td>
</tr>
<tr style="height: 53px;">
<td style="width: 29.6774%; height: 53px; text-align: center;">4.1</td>
<td style="width: 35.2688%; height: 53px; text-align: center;">2</td>
<td style="width: 26.5745%; height: 53px; text-align: center;">0,55 kw/h</td>
</tr>
<tr style="height: 53px;">
<td style="width: 29.6774%; height: 53px; text-align: center;">4.2</td>
<td style="width: 35.2688%; height: 53px; text-align: center;">4</td>
<td style="width: 26.5745%; height: 53px; text-align: center;">1,1 kw/h</td>
</tr>
<tr style="height: 53px;">
<td style="width: 29.6774%; height: 53px; text-align: center;">4.3</td>
<td style="width: 35.2688%; height: 53px; text-align: center;">6</td>
<td style="width: 26.5745%; height: 53px; text-align: center;">1,65 kw/h</td>
</tr>
<tr style="height: 53px;">
<td style="width: 29.6774%; height: 53px; text-align: center;">4.4</td>
<td style="width: 35.2688%; height: 53px; text-align: center;">8</td>
<td style="width: 26.5745%; height: 53px; text-align: center;">2,2 kw/h</td>
</tr>
<tr style="height: 53px;">
<td style="width: 29.6774%; height: 53px; text-align: center;">5.2</td>
<td style="width: 35.2688%; height: 53px; text-align: center;">5</td>
<td style="width: 26.5745%; height: 53px; text-align: center;">1.375 kw/h</td>
</tr>
<tr style="height: 10px;">
<td style="width: 29.6774%; height: 10px; text-align: center;">5.4</td>
<td style="width: 35.2688%; height: 10px; text-align: center;">10</td>
<td style="width: 26.5745%; height: 10px; text-align: center;">2,75 kw/h</td>
</tr>
</tbody>
</table>
<p>&nbsp;</p>
<p> <strong><img decoding="async" class="size-full wp-image-8569" src="https://sunelements.de/wp-content/uploads/2023/11/SunElements-at-Logo-Icon-orange.png" alt="SunElements-at-Logo-Icon-orange" width="40" height="34"> Luogo ideale per rilassarsi<br />
</strong>Grazie alla combinazione di vetro acrilico trasparente e moduli fotovoltaici, la SunCasa Energy offre un piacevole equilibrio tra trasmissione della luce e ombra. La stanza è ideale per ritirarsi, rilassarsi o come luogo di ispirazione. </p>
<p>&nbsp;</p>
<p> <strong><img decoding="async" class="size-full wp-image-8569" src="https://sunelements.de/wp-content/uploads/2023/11/SunElements-at-Logo-Icon-orange.png" alt="SunElements-at-Logo-Icon-orange" width="40" height="34"> Opzioni di fondazione flessibili e accessori<br />
</strong>Se desideri utilizzare la nostra SunCasa come giardino estivo, serra fredda o salotto da giardino, ti consigliamo di realizzare una fondazione in lastre di cemento. Questa deve essere dotata di un&#8217;adeguata impermeabilizzazione per evitare la risalita dell&#8217;umidità del terreno e la formazione di condensa. <strong><br />
</strong>Oltre alle strutture di base di alta qualità, puoi dotare il tuo SunGarden di un&#8217;ampia gamma di accessori, tra cui <strong>rivestimenti interni</strong>, <strong>porte aggiuntive</strong>, <strong>finestre</strong>, <strong>tende plissettate a parete e a soffitto</strong> e <strong>sistemi di drenaggio</strong>. In questo modo potrai creare il tuo giardino paradisiaco su misura per le tue esigenze. </p>
<p>&nbsp;</p>
<div class="elementor-widget-container">
<p><strong><img decoding="async" class="size-full wp-image-8569" src="https://sunelements.de/wp-content/uploads/2023/11/SunElements-at-Logo-Icon-orange.png" alt="SunElements-at-Logo-Icon-orange" width="40" height="34"> Scegli tra 9 dimensioni da 3 m² a 24 m².<br />
</strong><span style="font-style: inherit; font-weight: inherit; background-color: var(--ast-global-color-5); color: var(--ast-global-color-2);">La porta (900 x 1970 mm) può essere installata su entrambi i lati, tra 2 montanti.  </span><span style="font-style: inherit; font-weight: inherit; background-color: var(--ast-global-color-5); color: var(--ast-global-color-2);">La cerniera della porta può essere scelta liberamente a destra o a sinistra durante il montaggio.<br />
</span><span style="font-style: inherit; font-weight: inherit; background-color: var(--ast-global-color-5); color: var(--ast-global-color-2);">La linea blu chiaro simboleggia la grondaia. Il drenaggio dell&#8217;acqua è possibile su entrambe le estremità.</span></p>
</div>
<div class="elementor-element elementor-element-e4faa6b elementor-widget elementor-widget-image" data-id="e4faa6b" data-element_type="widget" data-widget_type="image.default">
<div class="elementor-widget-container"><img fetchpriority="high" decoding="async" class="attachment-full wp-image-8639 aligncenter" src="https://sunelements.de/wp-content/uploads/2023/11/SunElements-at-SunGarden-Gewaechshaus-Groessen-frei-waehlen.jpg" sizes="(max-width: 1200px) 100vw, 1200px" srcset="https://sunelements.de/wp-content/uploads/2023/11/SunElements-at-SunGarden-Gewaechshaus-Groessen-frei-waehlen.jpg 1200w, https://sunelements.de/wp-content/uploads/2023/11/SunElements-at-SunGarden-Gewaechshaus-Groessen-frei-waehlen-300x146.jpg 300w, https://sunelements.de/wp-content/uploads/2023/11/SunElements-at-SunGarden-Gewaechshaus-Groessen-frei-waehlen-1024x500.jpg 1024w, https://sunelements.de/wp-content/uploads/2023/11/SunElements-at-SunGarden-Gewaechshaus-Groessen-frei-waehlen-768x375.jpg 768w, https://sunelements.de/wp-content/uploads/2023/11/SunElements-at-SunGarden-Gewaechshaus-Groessen-frei-waehlen-600x293.jpg 600w" alt="SunElements-al-Sole-Giardino-Serra-Dimensioni-senza-scelta" width="854" height="407"></div>
</div>
<p>&nbsp;</p>
